2, 3*t + 2*y - 53 = 149. What is the tens digit of t?
7
Suppose 0 = -5*l + 3*g + 10, 4*l = g - 1 + 2. Let i = l + 30. What is the tens digit of i?
2
Let w = 18 + -28. Let v = w + 13. What is the units digit of v?
3
Let q = -81 + 214. What is the tens digit of q?
3
Suppose -4*j - 19 = -3*b, 2*j - 6 = -b + 3*j. What is the units digit of b?
5
Suppose 4*l = -5*s + 387, 2*s + 3*l - 4*l = 160. What is the tens digit of s?
7
Let b = 5 + -1. What is the tens digit of (-154)/(-8) + (-1)/b?
1
Suppose 0*y + 5*v = 5*y - 275, -122 = -2*y - 4*v. What is the tens digit of y?
5
Let c = 5 - 2. Let v = 16 - c. What is the units digit of v?
3
Suppose -15 = 3*r - 123. What is the tens digit of r?
3
Let z be -2 + -1 + (-1 - -1). Let s(n) = 4*n**2 - 3*n + 4 - 2*n**2 + 7*n. What is the units digit of s(z)?
0
Suppose 2*z = 4*q - 0*q + 22, 5*q = -20. What is the units digit of z?
3
Let t(u) = -u**2 - u + 5. Let c be t(0). Let o = c + -1. Suppose -o*p = -5*p + 4*x + 15, 32 = 4*p - 2*x. What is the units digit of p?
7
What is the units digit of 5 + -5 - -242 - -1?
3
Let v = 0 - -7. Let i be -4*1/(-8)*0. What is the units digit of (-8)/4 - (i - v)?
5
Let d(r) = -12*r + 0*r**2 - 4*r**2 + 16 + 3*r**2. What is the units digit of d(-11)?
7
Let o(m) = m**3 - 4*m**2 + m - 4. Let z be o(4). Suppose -q + 14 = -z*q. What is the units digit of q?
4
Let s(q) = q**2 - 7 - 2*q**2 + 22. Let i = -9 + 9. What is the tens digit of s(i)?
1
Let n(v) = v**3 + 4*v**2 + 2*v - 1. What is the units digit of n(-2)?
3
Let w be 0/((-1)/2*4). Suppose w = -c - 3 + 10. What is the units digit of c?
7
Suppose a + 5 = 0, 2*a - 85 = -j + a. What is the tens digit of j?
9
Let g(n) = 385*n**3 - 2*n**2 - 3*n + 3. What is the hundreds digit of g(1)?
3
Let w(v) = v + 7. Let p be w(-5). Suppose -p*h + 10 = -3*b, 2*b - 36 = -4*h + 4*b. Let r = h + -6. What is the units digit of r?
5
Let a = 8 - 1. Suppose j + 3 = 5*t, -j - 4*t + 8 = -7. What is the units digit of (-2)/j - (-51)/a?
7
Suppose 37 + 15 = 2*v. Let p be (1*3)/(3/(-18)). Let l = v + p. What is the units digit of l?
8
Suppose -4*s + 5 = -59. Suppose -2*o + 7 = -g - 0, 5*o = g + s. What is the units digit of o?
3
Let l = 7 + 163. What is the hundreds digit of l?
1
Let r(z) = 13*z - 3. Let h be r(2). Suppose -1 - h = -2*w. Suppose 3*l + w = 5*n, -6*l = 5*n - l - 20. What is the units digit of n?
3
Suppose 16 = j - i, -i - 44 = -2*j - 3*i. What is the units digit of j?
9
Suppose k + 3*j + 8 = 0, -1 - 2 = j. Let d be k/(2 + -1)*0. Let c = 8 - d. What is the units digit of c?
8
Let w be 4/(-12) - 38/(-6). Suppose 0 = n + 4*k - 3 - 3, 0 = -3*k - w. What is the units digit of n?
4
Let g(f) = 3*f - 2. Let k be g(2). Suppose 80 = 2*l - 4*u - 6, k*l + 4*u - 136 = 0. What is the units digit of l/5 + 6/(-15)?
7
Let f = 4 + -5. What is the tens digit of f/(3/4)*-24?
3
Let l(k) = k + 30. What is the tens digit of l(0)?
3
Suppose -3*j = 2*q + 5, -3*q + 5 = -2*j - 6*q. Let n(d) = -9*d + 1. What is the tens digit of n(j)?
1
Let n(s) be the second derivative of s**5/20 + s**4/2 + s**2/2 + 2*s. What is the units digit of n(-6)?
1
Suppose -20 - 12 = -4*k. What is the units digit of k?
8
Suppose -n = -3*d - 12, 3*n + 24 = -5*d - 10. Let u(w) = w**2 - 3*w + 5. What is the units digit of u(n)?
3
Suppose 0 = -5*m - 39 - 31. Let l = m - -20. What is the units digit of l?
6
Let z = 0 + 8. Let i = 9 - z. What is the units digit of i?
1
Let j = 7 + -5. Suppose -4*w + x = -56, 2*w - x = j*x + 28. Suppose h + 3*d = w, 0 = -4*h - 3*d + 8*d + 39. What is the units digit of h?
1
Let y = -8 + 11. Let n(x) = x**2 - x + 1. Let u(s) = s**3 - 5*s**2 + 6*s - 1. Let l(v) = 2*n(v) + u(v). What is the tens digit of l(y)?
1
Let f(r) = 4*r + 32. What is the units digit of f(11)?
6
Let a be -5*(-1)/(-1) - -2. Let z(m) = -4*m - 4. What is the units digit of z(a)?
8
Let m(b) = b**3 + 6*b**2 - 8*b - 7. Let n be m(-7). Suppose n = 4*h - 16 - 8. Suppose 4*w - 6 - h = 0. What is the units digit of w?
3
Let a = 10 + -7. What is the units digit of 59/a + 20/(-30)?
9
Let r = 8 - -37. What is the tens digit of r?
4
Suppose -1410 = -5*q + 3*h - 447, -4*q - 3*h + 765 = 0. What is the units digit of q?
2
Suppose 0 = 9*v - 11*v + 8. What is the units digit of v?
4
Let a(c) = -2*c**3 - 3*c**2 + 3*c + 2. What is the tens digit of a(-3)?
2
Suppose -15 = 2*r + 3*m, -3*m - m = 4*r + 20. Suppose -5*x = -r*x. Suppose 5*k - 7 + 2 = x. What is the units digit of k?
1
Let f(s) = s**2 + 4*s - 1. Let i be f(-7). Let o = i + 6. What is the tens digit of o?
2
Let n(m) = m**2 - 4*m + 4. Let z(a) = a**3 + 10*a**2 + 7*a - 13. Let h be z(-9). Let j be n(h). What is the units digit of ((-45)/j)/((-1)/2)?
0
Suppose y + y = 22. Suppose b - 4 = -4*u + y, 5*b = -u + 18. What is the units digit of u?
3
Suppose -3*k + 2 = -k. What is the units digit of 9 + (-2 - k) + 1?
7
Suppose 0 = -14*l + 2*l + 408. What is the units digit of l?
4
Let p(a) = -3 + a**2 - 11 - 5*a - 4*a. What is the units digit of p(11)?
8
Suppose d + 2*d - 6 = 0. Suppose -84 + 9 = -5*x + y, 0 = -x + 3*y + 29. Suppose -p - x = -d*p. What is the units digit of p?
4
Suppose 3*j = 501 + 69. What is the hundreds digit of j?
1
Let t = -266 - -373. What is the hundreds digit of t?
1
Let c(o) = -3*o + 114. What is the tens digit of c(0)?
1
Let r(v) = -v**2 + 6*v. Let d be r(7). Let h(j) = 3*j - 5*j + j - 2 - 2. What is the units digit of h(d)?
3
Suppose -4*g + 5 + 7 = 0. Suppose g*r - 3 = -0*r. What is the units digit of -3*1/(-1) + r?
4
Let l = -3 - -6. Let q = 4 - l. Let u = q + 0. What is the units digit of u?
1
Suppose 2*a - 4*w - 2 = -6*w, 0 = 3*a - 5*w + 29. Let c be 3 - a/(-6)*6. Suppose 3*h - 13 - 11 = c. What is the units digit of h?
8
Let o(h) = -h + 1. Let r be o(0). Let n = r - -16. What is the units digit of n?
7
Let q(o) = 3*o**3 - 4*o**2 + 4*o - 1. Let j(b) = -b**3 - 8*b**2 + 10*b + 12. Let i be j(-9). What is the tens digit of q(i)?
5
Let s be (10 - 0)/(-2) - -2. Let z = 5 + s. Suppose -2*a + 10 = v, 5*v + 4*a = z*a + 82. What is the tens digit of v?
1
Suppose -4*r + d = 3*d - 64, 5*r + 5*d = 80. Let s = r + 5. What is the units digit of s?
1
Suppose a - 2*j + 9 = 0, -4*a + 0*j - 24 = 4*j. Let f = 0 - a. What is the units digit of f?
7
Suppose 1 = 2*w + 31. Let j = 21 + w. What is the tens digit of ((-13)/(-2))/(3/j)?
1
Let g be 1/(-4) - (-146)/8. Let w = g - 1. What is the tens digit of w?
1
Suppose 4*k + 0*k - 155 = -3*u, 2*k + 55 = u. What is the units digit of u?
3
Suppose 5*p + 10 = 110. Let c = -8 + p. Suppose 5*y - c = 68. What is the tens digit of y?
1
Suppose -5*s - q = -2*q + 17, 2*s - 4*q = -14. Let f = s + -2. Let z = 0 - f. What is the units digit of z?
5
Let n(b) = b**3 + 7*b**2 + 3*b - 3. Let i be n(-6). What is the tens digit of (i/(-10))/(3/(-34))?
1
Let b(g) = 4*g**2 + 2*g - 1. Suppose -1 - 3 = -4*s. Let h be b(s). Suppose 30 = 4*d + h*a, -2*d + 2*a + 6 = -0*d. What is the units digit of d?
5
Let f(n) = n**2 - n - 3. Let g be f(3). Suppose -l - g = -2*l. What is the units digit of 2*(-3)/l*-1?
2
Suppose -5*p + 135 = h, 4*p + 2*h + 2*h = 108. What is the tens digit of p?
2
Let a = -23 + 16. Let d = 10 + a. What is the units digit of d?
3
Let g(i) = -i**3 - 11*i**2 + 12*i + 3. Let k be g(-12). Suppose 4*q + 2*o - 30 = o, -k*q + 2*o = -17. What is the units digit of q?
7
Suppose -4*j = -2*j. Suppose 0 = -n - j*n + 11. What is the units digit of n?
1
Let m be (-2 + 3)*(-37 - 0). Let p = m - -61. Suppose -q - 2*q + p = 0. What is the units digit of q?
8
Suppose 3*t = 2*k - 7, 2*t + 5 = 3*k + 3*t. Suppose y - k*y = -4. Suppose 0 = -h + y + 6. What is the tens digit of h?
1
Let r(q) = 19*q - 15. What is the units digit of r(4)?
1
Let b be (-3 - -6)*(-1)/(-1). Let g = 1 + -1. Suppose g = 4*t + 8, b*s + 7*t = 2*t - 4. What is the units digit of s?
2
Let w(m) = -m**3 + 5*m**2 + 2*m - 6. Let k be w(5). Let b be (15/(-3))/(-2 + 1). Let y = b - k. What is the units digit of y?
1
Let m be (4/(-12))/(2/(-24)). Suppose -13 = -2*b + b + m*s, -2*b + 78 = 5*s. What is the tens digit of b?
2
Let d(r) = -r**3 - 7*r**2 - 7*r - 4. Let h(m) = 4*m**3 + 29*m**2 + 29*m + 17. Let u = 23 + -32. Let q(b) = u*d(b) - 2*h(b). What is the units digit of q(-3)?
5
Let u(w) = w - 4. Let h be u(8). Suppose -z + 20 = 2*b, h*z + 0*b + b = 108. What is the tens digit of z?
